{"id":436,"date":"2026-03-15T20:52:00","date_gmt":"2026-03-15T19:52:00","guid":{"rendered":"https:\/\/cee-guidance.eu\/practice\/kaspo-spolecne-za-uspesnou-karierni-orientaci\/"},"modified":"2026-04-01T18:33:19","modified_gmt":"2026-04-01T16:33:19","slug":"kaspo-spolecne-za-uspesnou-karierni-orientaci","status":"publish","type":"practice","link":"https:\/\/cee-guidance.eu\/cs\/practice\/kaspo-spolecne-za-uspesnou-karierni-orientaci\/","title":{"rendered":"KASP\u00d3 &#8211; Spole\u010dn\u011b za \u00fasp\u011b\u0161nou kari\u00e9rn\u00ed orientaci"},"content":{"rendered":"<div class=\"wp-block-post-excerpt\"><p class=\"wp-block-post-excerpt__excerpt\">KASP\u00d3 je 30hodinov\u00fd akreditovan\u00fd vzd\u011bl\u00e1vac\u00ed program pro u\u010ditele a pracovn\u00edky v soci\u00e1ln\u00ed oblasti, kter\u00fd \u00fa\u010dastn\u00edk\u016fm umo\u017e\u0148uje za\u010dlenit profesn\u00ed orientaci do ka\u017edodenn\u00ed vzd\u011bl\u00e1vac\u00ed a soci\u00e1ln\u00ed praxe. <\/p><\/div>\n<h3 class=\"wp-block-heading\"><strong>C\u00edlov\u00e1 skupina:  <\/strong><\/h3>\n\n<p>KASP\u00d3 (K\u00f6z\u00f6sen a sikeres p\u00e1lyaorient\u00e1ci\u00f3\u00e9rt) je akreditovan\u00fd program dal\u0161\u00edho vzd\u011bl\u00e1v\u00e1n\u00ed pro pracovn\u00edky ve \u0161kolstv\u00ed a soci\u00e1ln\u00edch slu\u017eb\u00e1ch :<br\/>&#8211; U\u010ditel\u00e9 \/ odborn\u00ed pracovn\u00edci (\u0159editel\u00e9 instituc\u00ed, t\u0159\u00eddn\u00ed u\u010ditel\u00e9, speci\u00e1ln\u00ed pedagogov\u00e9, \u0161koln\u00ed poradci atd.)<br\/>&#8211; Pracovn\u00edci v soci\u00e1ln\u00ed oblasti (nap\u0159. slu\u017eby p\u00e9\u010de o rodinu a d\u011bti, centra, domovy atd.).<\/p>\n\n<h3 class=\"wp-block-heading\"><strong>Doba trv\u00e1n\u00ed:  <\/strong><\/h3>\n\n<p>Celkem 30 hodin \u0161kolen\u00ed, kter\u00e9 prob\u00edh\u00e1 ve 3 sezen\u00edch po 10 hodin\u00e1ch.<br\/>&#8211; Prvn\u00ed dv\u011b sezen\u00ed: dva po sob\u011b jdouc\u00ed dny<br\/>&#8211; T\u0159et\u00ed sezen\u00ed: p\u0159ibli\u017en\u011b o dva t\u00fddny pozd\u011bji<br\/>&#8211; Nutn\u00e1 osobn\u00ed \u00fa\u010dast<br\/>&#8211; Velikost skupiny: 14-20 \u00fa\u010dastn\u00edk\u016f.<\/p>\n\n<h3 class=\"wp-block-heading\"><strong>Inspirace pro n\u00e1stroj:  <\/strong><\/h3>\n\n<p>C\u00edlem programu je podpo\u0159it procesy profesn\u00ed orientace jejich za\u010dlen\u011bn\u00edm do ka\u017edodenn\u00ed vzd\u011bl\u00e1vac\u00ed pr\u00e1ce. Uzn\u00e1v\u00e1 d\u016fle\u017eitost spolupr\u00e1ce mezi pedagogy, odborn\u00edky ze soci\u00e1ln\u00edho sektoru a ob\u010dansk\u00fdmi subjekty a klade zvl\u00e1\u0161tn\u00ed d\u016fraz na roli rodiny p\u0159i podpo\u0159e kari\u00e9rov\u00e9 volby \u017e\u00e1k\u016f. <\/p>\n\n<h3 class=\"wp-block-heading\"><strong>C\u00edle:  <\/strong><\/h3>\n\n<p>Pos\u00edlit spolupr\u00e1ci mezi \u0161kolami, odborn\u00edky v soci\u00e1ln\u00edch slu\u017eb\u00e1ch a ob\u010danskou spole\u010dnost\u00ed p\u0159i podpo\u0159e kari\u00e9rn\u00edho rozhodov\u00e1n\u00ed \u017e\u00e1k\u016f.<br\/>&#8211; Poskytnout \u00fa\u010dastn\u00edk\u016fm teorii, n\u00e1stroje a s\u00edt\u011b pot\u0159ebn\u00e9 pro komplexn\u00ed kari\u00e9rov\u00e9 poradenstv\u00ed.<br\/>&#8211; za\u010dlenit kari\u00e9rovou orientaci do ka\u017edodenn\u00ed pedagogick\u00e9 praxe a nepova\u017eovat ji za samostatnou ud\u00e1lost.<\/p>\n\n<h3 class=\"wp-block-heading\"><strong>Pot\u0159ebn\u00e9 zdroje:  <\/strong><\/h3>\n\n<p>&#8211; Akreditace jako kurz pro u\u010ditele (dal\u0161\u00ed vzd\u011bl\u00e1v\u00e1n\u00ed pedagog\u016f)<br\/>&#8211; Kvalifikovan\u00ed \u0161kolitel\u00e9 a facilit\u00e1to\u0159i<br\/>&#8211; M\u00edsto kon\u00e1n\u00ed osobn\u00edch \u0161kolen\u00ed<br\/>&#8211; Organiza\u010dn\u00ed podpora ze strany Csal\u00e1dbar\u00e1t Magyarorsz\u00e1g K\u00f6zpont (Centrum pro rodinu v Ma\u010farsku)<br\/>&#8211; Bezplatn\u00e1 \u00fa\u010dast pro \u00fa\u010dastn\u00edky po dobu trv\u00e1n\u00ed projektu.<\/p>\n\n<h3 class=\"wp-block-heading\"><strong>Aktivity:  <\/strong><\/h3>\n\n<p>Mezi hlavn\u00ed t\u00e9mata pat\u0159\u00ed:<br\/>&#8211; Teoretick\u00e9 z\u00e1klady kari\u00e9rov\u00e9 orientace a poradenstv\u00ed<br\/>&#8211; Informa\u010dn\u00ed zdroje pro kari\u00e9rovou orientaci<br\/>&#8211; Z\u00fa\u010dastn\u011bn\u00e9 strany a role v procesu kari\u00e9rov\u00e9ho poradenstv\u00ed<br\/>&#8211; Role rodiny v kari\u00e9rov\u00e9 orientaci<br\/>&#8211; S\u00ed\u0165ov\u00e1 spolupr\u00e1ce mezi \u0161kolami, soci\u00e1ln\u00edmi slu\u017ebami a komunitou<br\/>&#8211; Rozvoj projektov\u00e9ho my\u0161len\u00ed pro programy kari\u00e9rov\u00e9 orientace.<\/p>\n\n<h3 class=\"wp-block-heading\"><strong>Roz\u0161i\u0159uj\u00edc\u00ed aktivity: <\/strong><em><\/em> <\/h3>\n\n<p>M\u016f\u017ee zahrnovat individu\u00e1ln\u00ed poradenstv\u00ed pro studenty jako sou\u010d\u00e1st \u0161ir\u0161\u00edho r\u00e1mce podpory<br\/>&#8211; Funguje v r\u00e1mci \u0161ir\u0161\u00edho projektu Csal\u00e1dbar\u00e1t Magyarorsz\u00e1g.<\/p>\n\n<h3 class=\"wp-block-heading\"><strong>Reflexe \/ Upevn\u011bn\u00ed u\u010den\u00ed:<\/strong><\/h3>\n\n<p>&#8211; \u00da\u010dastn\u00edci po absolvov\u00e1n\u00ed obdr\u017e\u00ed certifik\u00e1t nebo akredita\u010dn\u00ed body<br\/>&#8211; Program se zam\u011b\u0159uje na zm\u011bnu ka\u017edodenn\u00ed odborn\u00e9 praxe, za\u010dlen\u011bn\u00ed spolupr\u00e1ce a zapojen\u00ed rodiny do vzd\u011bl\u00e1v\u00e1n\u00ed a soci\u00e1ln\u00ed pr\u00e1ce.<\/p>\n\n<h3 class=\"wp-block-heading\"><strong>Kontaktn\u00ed osoba:<\/strong> <\/h3>\n\n<p>Dr. Judit Csilla Suhajda: csilla.suhajda@gmail.com<br\/>V\u00edce informac\u00ed: https:\/\/csalad.hu\/projektek\/kaspo-kozosen-a-sikeres-palyaorientacioert<\/p>\n","protected":false},"excerpt":{"rendered":"<p>KASP\u00d3 je 30hodinov\u00fd akreditovan\u00fd vzd\u011bl\u00e1vac\u00ed program pro u\u010ditele a pracovn\u00edky v soci\u00e1ln\u00ed oblasti, kter\u00fd \u00fa\u010dastn\u00edk\u016fm umo\u017e\u0148uje za\u010dlenit profesn\u00ed orientaci do ka\u017edodenn\u00ed vzd\u011bl\u00e1vac\u00ed a soci\u00e1ln\u00ed praxe.<\/p>\n","protected":false},"template":"","meta":{"_acf_changed":false,"_EventAllDay":false,"_EventTimezone":"","_EventStartDate":"","_EventEndDate":"","_EventStartDateUTC":"","_EventEndDateUTC":"","_EventShowMap":false,"_EventShowMapLink":false,"_EventURL":"","_EventCost":"","_EventCostDescription":"","_EventCurrencySymbol":"","_EventCurrencyCode":"","_EventCurrencyPosition":"","_EventDateTimeSeparator":"","_EventTimeRangeSeparator":"","_EventOrganizerID":[],"_EventVenueID":[],"_OrganizerEmail":"","_OrganizerPhone":"","_OrganizerWebsite":"","_VenueAddress":"","_VenueCity":"","_VenueCountry":"","_VenueProvince":"","_VenueState":"","_VenueZip":"","_VenuePhone":"","_VenueURL":"","_VenueStateProvince":"","_VenueLat":"","_VenueLng":"","_VenueShowMap":false,"_VenueShowMapLink":false},"class_list":["post-436","practice","type-practice","status-publish","hentry"],"acf":[],"_links":{"self":[{"href":"https:\/\/cee-guidance.eu\/cs\/wp-json\/wp\/v2\/practice\/436","targetHints":{"allow":["GET"]}}],"collection":[{"href":"https:\/\/cee-guidance.eu\/cs\/wp-json\/wp\/v2\/practice"}],"about":[{"href":"https:\/\/cee-guidance.eu\/cs\/wp-json\/wp\/v2\/types\/practice"}],"wp:attachment":[{"href":"https:\/\/cee-guidance.eu\/cs\/wp-json\/wp\/v2\/media?parent=436"}],"curies":[{"name":"wp","href":"https:\/\/api.w.org\/{rel}","templated":true}]}}

KASPÓ &#8211; Společně za úspěšnou kariérní orientaci

<div class="wp-block-post-excerpt"><p class="wp-block-post-excerpt__excerpt">KASPÓ je 30hodinový akreditovaný vzdělávací program pro učitele a pracovníky v sociální oblasti, který účastníkům umožňuje začlenit profesní orientaci do každodenní vzdělávací a sociální praxe. </p></div>
<h3 class="wp-block-heading"><strong>Cílová skupina:  </strong></h3>

<p>KASPÓ (Közösen a sikeres pályaorientációért) je akreditovaný program dalšího vzdělávání pro pracovníky ve školství a sociálních službách :<br/>&#8211; Učitelé / odborní pracovníci (ředitelé institucí, třídní učitelé, speciální pedagogové, školní poradci atd.)<br/>&#8211; Pracovníci v sociální oblasti (např. služby péče o rodinu a děti, centra, domovy atd.).</p>

<h3 class="wp-block-heading"><strong>Doba trvání:  </strong></h3>

<p>Celkem 30 hodin školení, které probíhá ve 3 sezeních po 10 hodinách.<br/>&#8211; První dvě sezení: dva po sobě jdoucí dny<br/>&#8211; Třetí sezení: přibližně o dva týdny později<br/>&#8211; Nutná osobní účast<br/>&#8211; Velikost skupiny: 14-20 účastníků.</p>

<h3 class="wp-block-heading"><strong>Inspirace pro nástroj:  </strong></h3>

<p>Cílem programu je podpořit procesy profesní orientace jejich začleněním do každodenní vzdělávací práce. Uznává důležitost spolupráce mezi pedagogy, odborníky ze sociálního sektoru a občanskými subjekty a klade zvláštní důraz na roli rodiny při podpoře kariérové volby žáků. </p>

<h3 class="wp-block-heading"><strong>Cíle:  </strong></h3>

<p>Posílit spolupráci mezi školami, odborníky v sociálních službách a občanskou společností při podpoře kariérního rozhodování žáků.<br/>&#8211; Poskytnout účastníkům teorii, nástroje a sítě potřebné pro komplexní kariérové poradenství.<br/>&#8211; začlenit kariérovou orientaci do každodenní pedagogické praxe a nepovažovat ji za samostatnou událost.</p>

<h3 class="wp-block-heading"><strong>Potřebné zdroje:  </strong></h3>

<p>&#8211; Akreditace jako kurz pro učitele (další vzdělávání pedagogů)<br/>&#8211; Kvalifikovaní školitelé a facilitátoři<br/>&#8211; Místo konání osobních školení<br/>&#8211; Organizační podpora ze strany Családbarát Magyarország Központ (Centrum pro rodinu v Maďarsku)<br/>&#8211; Bezplatná účast pro účastníky po dobu trvání projektu.</p>

<h3 class="wp-block-heading"><strong>Aktivity:  </strong></h3>

<p>Mezi hlavní témata patří:<br/>&#8211; Teoretické základy kariérové orientace a poradenství<br/>&#8211; Informační zdroje pro kariérovou orientaci<br/>&#8211; Zúčastněné strany a role v procesu kariérového poradenství<br/>&#8211; Role rodiny v kariérové orientaci<br/>&#8211; Síťová spolupráce mezi školami, sociálními službami a komunitou<br/>&#8211; Rozvoj projektového myšlení pro programy kariérové orientace.</p>

<h3 class="wp-block-heading"><strong>Rozšiřující aktivity: </strong><em></em> </h3>

<p>Může zahrnovat individuální poradenství pro studenty jako součást širšího rámce podpory<br/>&#8211; Funguje v rámci širšího projektu Családbarát Magyarország.</p>

<h3 class="wp-block-heading"><strong>Reflexe / Upevnění učení:</strong></h3>

<p>&#8211; Účastníci po absolvování obdrží certifikát nebo akreditační body<br/>&#8211; Program se zaměřuje na změnu každodenní odborné praxe, začlenění spolupráce a zapojení rodiny do vzdělávání a sociální práce.</p>

<h3 class="wp-block-heading"><strong>Kontaktní osoba:</strong> </h3>

<p>Dr. Judit Csilla Suhajda: csilla.suhajda@gmail.com<br/>Více informací: https://csalad.hu/projektek/kaspo-kozosen-a-sikeres-palyaorientacioert</p>

<p>KASPÓ je 30hodinový akreditovaný vzdělávací program pro učitele a pracovníky v sociální oblasti, který účastníkům umožňuje začlenit profesní orientaci do každodenní vzdělávací a sociální praxe.</p>
