{"id":429,"date":"2026-03-15T20:52:00","date_gmt":"2026-03-15T19:52:00","guid":{"rendered":"https:\/\/cee-guidance.eu\/practice\/kaspo-egyutt-a-sikeres-palyaorientacioert\/"},"modified":"2026-04-01T18:33:06","modified_gmt":"2026-04-01T16:33:06","slug":"kaspo-egyutt-a-sikeres-palyaorientacioert","status":"publish","type":"practice","link":"https:\/\/cee-guidance.eu\/hu\/practice\/kaspo-egyutt-a-sikeres-palyaorientacioert\/","title":{"rendered":"KASP\u00d3 &#8211; Egy\u00fctt a sikeres p\u00e1lyaorient\u00e1ci\u00f3\u00e9rt"},"content":{"rendered":"<div class=\"wp-block-post-excerpt\"><p class=\"wp-block-post-excerpt__excerpt\">A KASP\u00d3 egy 30 \u00f3r\u00e1s akkredit\u00e1lt k\u00e9pz\u00e9si program pedag\u00f3gusok \u00e9s szoci\u00e1lis \u00e1gazatban dolgoz\u00f3 szakemberek sz\u00e1m\u00e1ra, amelynek r\u00e9sztvev\u0151i a p\u00e1lyaorient\u00e1ci\u00f3t integr\u00e1lj\u00e1k a mindennapi oktat\u00e1si \u00e9s szoci\u00e1lis munka gyakorlat\u00e1ba. <\/p><\/div>\n<h3 class=\"wp-block-heading\"><strong>C\u00e9lcsoport:  <\/strong><\/h3>\n\n<p>A KASP\u00d3 (K\u00f6z\u00f6sen a sikeres p\u00e1lyaorient\u00e1ci\u00f3\u00e9rt) egy akkredit\u00e1lt tov\u00e1bbk\u00e9pz\u00e9si program az oktat\u00e1si \u00e9s szoci\u00e1lis ter\u00fcleten dolgoz\u00f3 szakemberek sz\u00e1m\u00e1ra :<br\/>&#8211; Pedag\u00f3gusok \/ szakemberek (int\u00e9zm\u00e9nyvezet\u0151k, oszt\u00e1lyf\u0151n\u00f6k\u00f6k, gy\u00f3gypedag\u00f3gusok, iskolai tan\u00e1csad\u00f3k, stb.)<br\/>&#8211; Szoci\u00e1lis \u00e1gazatban dolgoz\u00f3k (pl. csal\u00e1d- \u00e9s gyermekj\u00f3l\u00e9ti szolg\u00e1latok, k\u00f6zpontok, otthonok, stb.).<\/p>\n\n<h3 class=\"wp-block-heading\"><strong>Id\u0151tartam:  <\/strong><\/h3>\n\n<p>\u00d6sszesen 30 \u00f3r\u00e1s k\u00e9pz\u00e9s, 3, egyenk\u00e9nt 10 \u00f3r\u00e1s \u00fcl\u00e9sben.<br\/>&#8211; Az els\u0151 k\u00e9t \u00fcl\u00e9s: k\u00e9t egym\u00e1st k\u00f6vet\u0151 napon<br\/>&#8211; Harmadik \u00fcl\u00e9s: k\u00f6r\u00fclbel\u00fcl k\u00e9t h\u00e9ttel k\u00e9s\u0151bb<br\/>&#8211; Szem\u00e9lyes r\u00e9szv\u00e9tel sz\u00fcks\u00e9ges<br\/>&#8211; A csoport m\u00e9rete: 14-20 r\u00e9sztvev\u0151.<\/p>\n\n<h3 class=\"wp-block-heading\"><strong>Inspir\u00e1ci\u00f3 az eszk\u00f6zh\u00f6z:  <\/strong><\/h3>\n\n<p>A program c\u00e9lja, hogy a p\u00e1lyaorient\u00e1ci\u00f3s folyamatokat a mindennapi oktat\u00e1si munk\u00e1ba val\u00f3 be\u00e1gyaz\u00e1s\u00e1val t\u00e1mogassa. Elismeri a pedag\u00f3gusok, a szoci\u00e1lis \u00e1gazat szakemberei \u00e9s a civil szerepl\u0151k k\u00f6z\u00f6tti egy\u00fcttm\u0171k\u00f6d\u00e9s fontoss\u00e1g\u00e1t, \u00e9s k\u00fcl\u00f6n\u00f6s hangs\u00falyt fektet a csal\u00e1d szerep\u00e9re a di\u00e1kok p\u00e1lyav\u00e1laszt\u00e1s\u00e1nak t\u00e1mogat\u00e1s\u00e1ban. <\/p>\n\n<h3 class=\"wp-block-heading\"><strong>C\u00e9lok:  <\/strong><\/h3>\n\n<p>Az iskol\u00e1k, a szoci\u00e1lis szakemberek \u00e9s a civil t\u00e1rsadalom k\u00f6z\u00f6tti egy\u00fcttm\u0171k\u00f6d\u00e9s er\u0151s\u00edt\u00e9se a tanul\u00f3k p\u00e1lyav\u00e1laszt\u00e1si d\u00f6nt\u00e9seinek t\u00e1mogat\u00e1s\u00e1ban.<br\/>&#8211; A r\u00e9sztvev\u0151k felv\u00e9rtez\u00e9se a holisztikus karrier-tan\u00e1csad\u00e1shoz sz\u00fcks\u00e9ges elm\u00e9lettel, eszk\u00f6z\u00f6kkel \u00e9s h\u00e1l\u00f3zatokkal.<br\/>&#8211; A p\u00e1lyaorient\u00e1ci\u00f3 integr\u00e1l\u00e1sa a mindennapi pedag\u00f3giai gyakorlatba, ahelyett, hogy k\u00fcl\u00f6n\u00e1ll\u00f3 esem\u00e9nyk\u00e9nt kezeln\u00e9nk.<\/p>\n\n<h3 class=\"wp-block-heading\"><strong>Sz\u00fcks\u00e9ges er\u0151forr\u00e1sok:  <\/strong><\/h3>\n\n<p>&#8211; Akkredit\u00e1lt pedag\u00f3gus-tov\u00e1bbk\u00e9pz\u00e9s (pedag\u00f3gusok tov\u00e1bbk\u00e9pz\u00e9se)<br\/>&#8211; K\u00e9pzett oktat\u00f3k \u00e9s facilit\u00e1torok<br\/>&#8211; Helysz\u00edn a szem\u00e9lyes k\u00e9pz\u00e9sekhez<br\/>&#8211; Szervez\u00e9si t\u00e1mogat\u00e1s a Csal\u00e1dbar\u00e1t Magyarorsz\u00e1g K\u00f6zpont r\u00e9sz\u00e9r\u0151l<br\/>&#8211; Ingyenes r\u00e9szv\u00e9tel a r\u00e9sztvev\u0151k sz\u00e1m\u00e1ra a projekt id\u0151tartama alatt.<\/p>\n\n<h3 class=\"wp-block-heading\"><strong>Tev\u00e9kenys\u00e9gek:  <\/strong><\/h3>\n\n<p>F\u0151bb t\u00e9m\u00e1k:<br\/>&#8211; A p\u00e1lyaorient\u00e1ci\u00f3 \u00e9s p\u00e1lyaorient\u00e1ci\u00f3 elm\u00e9leti alapjai<br\/>&#8211; A p\u00e1lyaorient\u00e1ci\u00f3 inform\u00e1ci\u00f3s forr\u00e1sai<br\/>&#8211; Az \u00e9rdekelt felek \u00e9s szerepek a p\u00e1lyaorient\u00e1ci\u00f3s folyamatban<br\/>&#8211; A csal\u00e1d szerepe a p\u00e1lyaorient\u00e1ci\u00f3ban<br\/>&#8211; Az iskol\u00e1k, a szoci\u00e1lis szolg\u00e1latok \u00e9s a k\u00f6z\u00f6ss\u00e9g k\u00f6z\u00f6tti h\u00e1l\u00f3zatos egy\u00fcttm\u0171k\u00f6d\u00e9s<br\/>&#8211; A p\u00e1lyaorient\u00e1ci\u00f3s programok projektszeml\u00e9let\u00e9nek kialak\u00edt\u00e1sa.<\/p>\n\n<h3 class=\"wp-block-heading\"><strong>B\u0151v\u00edt\u0151 tev\u00e9kenys\u00e9gek: <\/strong><em><\/em> <\/h3>\n\n<p>A t\u00e1gabb t\u00e1mogat\u00e1si keret r\u00e9szek\u00e9nt egy\u00e9ni tan\u00e1csad\u00e1st is ny\u00fajthat a di\u00e1koknak<br\/>&#8211; A nagyobb Csal\u00e1dbar\u00e1t Magyarorsz\u00e1g projekt keret\u00e9ben m\u0171k\u00f6dik.<\/p>\n\n<h3 class=\"wp-block-heading\"><strong>Reflexi\u00f3k \/ a tanul\u00e1s megszil\u00e1rd\u00edt\u00e1sa:<\/strong><\/h3>\n\n<p>&#8211; A r\u00e9sztvev\u0151k tan\u00fas\u00edtv\u00e1nyt vagy akkredit\u00e1ci\u00f3s pontokat kapnak a program befejez\u00e9sekor<br\/>&#8211; A program a mindennapi szakmai gyakorlat megv\u00e1ltoztat\u00e1s\u00e1ra, az egy\u00fcttm\u0171k\u00f6d\u00e9s \u00e9s a csal\u00e1dok bevon\u00e1s\u00e1nak az oktat\u00e1sba \u00e9s a szoci\u00e1lis munk\u00e1ba val\u00f3 be\u00e1gyaz\u00e1s\u00e1ra \u00f6sszpontos\u00edt.<\/p>\n\n<h3 class=\"wp-block-heading\"><strong>Kapcsolattart\u00f3 szem\u00e9ly:<\/strong> <\/h3>\n\n<p>Dr. Suhajda Judit Csilla: csilla.suhajda@gmail.com<br\/>Tov\u00e1bbi inform\u00e1ci\u00f3: https:\/\/csalad.hu\/projektek\/kaspo-kozosen-a-sikeres-palyaorientacioert<\/p>\n","protected":false},"excerpt":{"rendered":"<p>A KASP\u00d3 egy 30 \u00f3r\u00e1s akkredit\u00e1lt k\u00e9pz\u00e9si program pedag\u00f3gusok \u00e9s szoci\u00e1lis \u00e1gazatban dolgoz\u00f3 szakemberek sz\u00e1m\u00e1ra, amelynek r\u00e9sztvev\u0151i a p\u00e1lyaorient\u00e1ci\u00f3t integr\u00e1lj\u00e1k a mindennapi oktat\u00e1si \u00e9s szoci\u00e1lis munka gyakorlat\u00e1ba.<\/p>\n","protected":false},"template":"","meta":{"_acf_changed":false,"_EventAllDay":false,"_EventTimezone":"","_EventStartDate":"","_EventEndDate":"","_EventStartDateUTC":"","_EventEndDateUTC":"","_EventShowMap":false,"_EventShowMapLink":false,"_EventURL":"","_EventCost":"","_EventCostDescription":"","_EventCurrencySymbol":"","_EventCurrencyCode":"","_EventCurrencyPosition":"","_EventDateTimeSeparator":"","_EventTimeRangeSeparator":"","_EventOrganizerID":[],"_EventVenueID":[],"_OrganizerEmail":"","_OrganizerPhone":"","_OrganizerWebsite":"","_VenueAddress":"","_VenueCity":"","_VenueCountry":"","_VenueProvince":"","_VenueState":"","_VenueZip":"","_VenuePhone":"","_VenueURL":"","_VenueStateProvince":"","_VenueLat":"","_VenueLng":"","_VenueShowMap":false,"_VenueShowMapLink":false},"class_list":["post-429","practice","type-practice","status-publish","hentry"],"acf":[],"_links":{"self":[{"href":"https:\/\/cee-guidance.eu\/hu\/wp-json\/wp\/v2\/practice\/429","targetHints":{"allow":["GET"]}}],"collection":[{"href":"https:\/\/cee-guidance.eu\/hu\/wp-json\/wp\/v2\/practice"}],"about":[{"href":"https:\/\/cee-guidance.eu\/hu\/wp-json\/wp\/v2\/types\/practice"}],"wp:attachment":[{"href":"https:\/\/cee-guidance.eu\/hu\/wp-json\/wp\/v2\/media?parent=429"}],"curies":[{"name":"wp","href":"https:\/\/api.w.org\/{rel}","templated":true}]}}

KASPÓ &#8211; Együtt a sikeres pályaorientációért

<div class="wp-block-post-excerpt"><p class="wp-block-post-excerpt__excerpt">A KASPÓ egy 30 órás akkreditált képzési program pedagógusok és szociális ágazatban dolgozó szakemberek számára, amelynek résztvevői a pályaorientációt integrálják a mindennapi oktatási és szociális munka gyakorlatába. </p></div>
<h3 class="wp-block-heading"><strong>Célcsoport:  </strong></h3>

<p>A KASPÓ (Közösen a sikeres pályaorientációért) egy akkreditált továbbképzési program az oktatási és szociális területen dolgozó szakemberek számára :<br/>&#8211; Pedagógusok / szakemberek (intézményvezetők, osztályfőnökök, gyógypedagógusok, iskolai tanácsadók, stb.)<br/>&#8211; Szociális ágazatban dolgozók (pl. család- és gyermekjóléti szolgálatok, központok, otthonok, stb.).</p>

<h3 class="wp-block-heading"><strong>Időtartam:  </strong></h3>

<p>Összesen 30 órás képzés, 3, egyenként 10 órás ülésben.<br/>&#8211; Az első két ülés: két egymást követő napon<br/>&#8211; Harmadik ülés: körülbelül két héttel később<br/>&#8211; Személyes részvétel szükséges<br/>&#8211; A csoport mérete: 14-20 résztvevő.</p>

<h3 class="wp-block-heading"><strong>Inspiráció az eszközhöz:  </strong></h3>

<p>A program célja, hogy a pályaorientációs folyamatokat a mindennapi oktatási munkába való beágyazásával támogassa. Elismeri a pedagógusok, a szociális ágazat szakemberei és a civil szereplők közötti együttműködés fontosságát, és különös hangsúlyt fektet a család szerepére a diákok pályaválasztásának támogatásában. </p>

<h3 class="wp-block-heading"><strong>Célok:  </strong></h3>

<p>Az iskolák, a szociális szakemberek és a civil társadalom közötti együttműködés erősítése a tanulók pályaválasztási döntéseinek támogatásában.<br/>&#8211; A résztvevők felvértezése a holisztikus karrier-tanácsadáshoz szükséges elmélettel, eszközökkel és hálózatokkal.<br/>&#8211; A pályaorientáció integrálása a mindennapi pedagógiai gyakorlatba, ahelyett, hogy különálló eseményként kezelnénk.</p>

<h3 class="wp-block-heading"><strong>Szükséges erőforrások:  </strong></h3>

<p>&#8211; Akkreditált pedagógus-továbbképzés (pedagógusok továbbképzése)<br/>&#8211; Képzett oktatók és facilitátorok<br/>&#8211; Helyszín a személyes képzésekhez<br/>&#8211; Szervezési támogatás a Családbarát Magyarország Központ részéről<br/>&#8211; Ingyenes részvétel a résztvevők számára a projekt időtartama alatt.</p>

<h3 class="wp-block-heading"><strong>Tevékenységek:  </strong></h3>

<p>Főbb témák:<br/>&#8211; A pályaorientáció és pályaorientáció elméleti alapjai<br/>&#8211; A pályaorientáció információs forrásai<br/>&#8211; Az érdekelt felek és szerepek a pályaorientációs folyamatban<br/>&#8211; A család szerepe a pályaorientációban<br/>&#8211; Az iskolák, a szociális szolgálatok és a közösség közötti hálózatos együttműködés<br/>&#8211; A pályaorientációs programok projektszemléletének kialakítása.</p>

<h3 class="wp-block-heading"><strong>Bővítő tevékenységek: </strong><em></em> </h3>

<p>A tágabb támogatási keret részeként egyéni tanácsadást is nyújthat a diákoknak<br/>&#8211; A nagyobb Családbarát Magyarország projekt keretében működik.</p>

<h3 class="wp-block-heading"><strong>Reflexiók / a tanulás megszilárdítása:</strong></h3>

<p>&#8211; A résztvevők tanúsítványt vagy akkreditációs pontokat kapnak a program befejezésekor<br/>&#8211; A program a mindennapi szakmai gyakorlat megváltoztatására, az együttműködés és a családok bevonásának az oktatásba és a szociális munkába való beágyazására összpontosít.</p>

<h3 class="wp-block-heading"><strong>Kapcsolattartó személy:</strong> </h3>

<p>Dr. Suhajda Judit Csilla: csilla.suhajda@gmail.com<br/>További információ: https://csalad.hu/projektek/kaspo-kozosen-a-sikeres-palyaorientacioert</p>

<p>A KASPÓ egy 30 órás akkreditált képzési program pedagógusok és szociális ágazatban dolgozó szakemberek számára, amelynek résztvevői a pályaorientációt integrálják a mindennapi oktatási és szociális munka gyakorlatába.</p>
